4 = -7*c + 115. What are the prime factors of c?
13, 19
Let z(p) = p**2 + 10*p - 7. Let t be z(-11). Suppose t*a - 2*q = 394, -520 = -9*a + 4*a - 3*q. List the prime factors of a.
101
Suppose 4*m - 6 = 2. Let d(s) = 1 + 4*s**2 - s**m + s**2. What are the prime factors of d(2)?
17
Let x(o) = -o**3 + 7*o**2 - 5*o - 1. Let y be x(6). Suppose n = -3*h + 18 + 10, -2*h + 192 = y*n. What are the prime factors of n?
2, 5
Let l(f) = 174*f + 120. List the prime factors of l(4).
2, 3, 17
Let k(m) = -m**3 + 4*m**2 - m + 1. Let s be k(2). Let v = 9 - s. Suppose v*z = 4*i + 18, 2*z + 3*i = z - 6. List the prime factors of z.
3
Suppose 7 = -2*n + 3. Let d be 162/12*(n + 4). Let i = 52 - d. List the prime factors of i.
5
List the prime factors of (5*11/110)/((-2)/(-15684)).
3, 1307
Suppose 67 = 4*m + 3*f, 3*m - 4*f + 5*f - 44 = 0. Let x(c) = -7*c - 51*c**3 + 14*c**2 + 50*c**3 + 1 - 5*c. What are the prime factors of x(m)?
2, 7
Suppose -4*f = f - 240. Let u(r) = -2*r + 3 - 2 + f*r**2 + 0. List the prime factors of u(1).
47
Let y(q) = -2*q**2 - 12*q - 9. Let w be y(-4). Suppose -3*u = w*u - 580. List the prime factors of u.
2, 29
Let p(j) = 12*j**2 - 1. Let o be ((-4)/(-16))/((-5)/20). Let h be p(o). Suppose h*d - 156 = 8*d. What are the prime factors of d?
2, 13
Suppose k = -3*k + 4. Let w be 1 - (2 - 4 - k). Suppose w*f + 53 = 5*n, -7*n = -2*n + 5*f - 35. List the prime factors of n.
3
Let d = 59 - 59. Let x(w) = 2*w**2 + 27. What are the prime factors of x(d)?
3
Suppose f + 9 = 3*h, -3*f + h = 3*h - 17. Let p(s) = -2*s**3 + 6*s**2 + 6*s - 5. List the prime factors of p(f).
13
Let j(y) be the second derivative of y**5/20 + 4*y**4/3 + 3*y**3 + 8*y**2 + 27*y. List the prime factors of j(-14).
2, 3, 13
Let b(l) = -2*l**2 - 14*l + 4. Let h be b(-7). Suppose 4*i = h*q - 0*q, 0 = i + 3*q - 4. What are the prime factors of 13/(1/1*i)?
13
Suppose 0*y = 3*y - 24. Suppose 4*b = y*b - 188. Suppose 7*t - 4*t + 4*x = 29, -b = -4*t + 3*x. List the prime factors of t.
11
Let q(p) = -5*p**2 + 1. Let a be q(-1). What are the prime factors of 7380/66 - a/22?
2, 7
What are the prime factors of (-11 - 144738/(-135)) + 2/(-15)?
1061
Let v(w) be the second derivative of 5*w**4/12 - 4*w**3/3 + 3*w**2/2 + 4*w. Let k be v(7). List the prime factors of ((-6)/8)/((-8)/k).
2, 3
Suppose 2688 = 8*h - 7880. What are the prime factors of h?
1321
Suppose -j + 3 = -0*j. Suppose -j*t = 6*h - h - 108, -h = -t - 28. What are the prime factors of h?
2, 3
Let p be 34/10 - (-2)/(-5). Let v(i) = 10 - p*i**3 + 10 - 4 + 4*i**3 - 12*i**2 + 13*i. What are the prime factors of v(11)?
2, 19
Let f be (-27)/6*6 + 1. Let x = f + 32. List the prime factors of x.
2, 3
Suppose -2*i - 5*a + 22 = -3, -i = a - 5. Suppose i = 3*f + 2*f - 535. List the prime factors of f.
107
Suppose -3*r + q + 0 = -203, 3*q = 4*r - 264. Suppose r - 853 = -4*y. List the prime factors of y.
2, 7
Suppose 12*i - 3733 = 3539. What are the prime factors of i?
2, 3, 101
Suppose 6*c + 12 = 78. Suppose u - 1068 = -c*u. List the prime factors of u.
89
Suppose 12 = -2*d - 12. Let l be (76/6)/((-8)/d). Suppose -3*h = -5*b + 156 - l, 2*h + 83 = 3*b. What are the prime factors of b?
5
Let s = 5060 - 2873. What are the prime factors of s?
3
Let u(v) = -31*v**3 - 2*v**2 - v + 4. Let f be u(-2). Suppose -5*y = -8*y + f. What are the prime factors of y?
2, 41
Suppose 26*v - 72 = 18*v. Let d(x) = -x**3 + 11*x**2 - 16*x + 24. List the prime factors of d(v).
2, 3, 7
Suppose 0 = 4*z - 11 + 43. Let l(v) = v + 6. Let p be l(z). What are the prime factors of (p - 1)*(-35)/21?
5
Suppose -2986 + 8090 = -4*d. What are the prime factors of 38/171 + d*2/(-18)?
2, 71
Let s = 24 - 62. Let j = s - -42. What are the prime factors of j?
2
Let s = -53 - -56. Suppose 3*b + 725 = 4*f, s*b - 38 - 717 = -4*f. List the prime factors of f.
5, 37
Suppose 0 = -j - 86 + 28. Let q = 86 + j. What are the prime factors of q?
2, 7
Suppose 0 = -3*y + 31 - 7. Let b = 30 - y. List the prime factors of b.
2, 11
Let j = 1604 + -927. List the prime factors of j.
677
Suppose v + 7 = 12. Suppose 0 = 5*f + 2*u - 4*u - 210, 0 = -5*f + v*u + 225. What are the prime factors of f?
2, 5
Let q be (2 + -1)/((-8)/(-16) + -1). List the prime factors of (-10070)/(-57) + q/3.
2, 11
Suppose -2*b = -4*n - 200, -n = -b + 75 + 29. What are the prime factors of b?
2, 3
Let a(y) = y + 4. Let f be a(0). Let p(j) be the second derivative of j**4/4 - j**3/2 + 17*j. What are the prime factors of p(f)?
2, 3
Suppose 4*o - 5*b - 292 = 0, 3*b = -o - 0*b + 56. Suppose o = -30*v + 32*v. What are the prime factors of v?
2, 17
Let k = -20 + 24. Suppose -k*c = 2*c. Suppose -3*i + 33 = g, 5*g - 2*g + i - 75 = c. What are the prime factors of g?
2, 3
Let f(n) be the third derivative of n**6/120 + n**5/4 + 3*n**4/8 + 2*n**3/3 - 7*n**2. Let g be f(-14). Let q = -45 + g. What are the prime factors of q?
29
Let n be (-1)/(((-21)/12)/7). Suppose -119 = -4*i - 3*l, l - 3*l + 122 = n*i. Let j = -14 + i. List the prime factors of j.
2, 3
Let y = 0 + 2. Suppose -y*v = 2*v - 180. What are the prime factors of v?
3, 5
Let k(y) = y**2 - 9*y - 10. What are the prime factors of k(-3)?
2, 13
Let d = 178 + 48. List the prime factors of d.
2, 113
Let x = 32 - 27. Suppose 2*i - 101 = -3*a, -x*a + 4*i = -41 - 98. What are the prime factors of a?
31
Let j = 15 - -8. Let h = -44 + j. Let u = h - -40. List the prime factors of u.
19
Let s be (-1)/3 - 14/(-6). Suppose -4*x = -2*h - 16, s*x - 2 = -h - h. Suppose c - 303 = -5*k - 3*c, -x*c - 230 = -4*k. What are the prime factors of k?
59
Let k = 1202 - -3802. List the prime factors of k.
2, 3, 139
Suppose 0 = s - 6*s + 25. Suppose l + 5*q = -2*l + 140, -s*l = 5*q - 240. Suppose -5*y + l = 3*t, 0 = 5*y + t - 5*t - 85. What are the prime factors of y?
13
Let x(k) = 3*k**2 - 29*k + 17. What are the prime factors of x(-24)?
2441
Let i(s) = -s**2 + s - 1. Let h(j) = 5*j**2 + 21*j - 21. Let z(b) = h(b) + 6*i(b). What are the prime factors of z(19)?
5
Let v = 14 + -10. Suppose 0 = v*r + 11 - 35. What are the prime factors of r/((-5)/(20/(-6)))?
2
Let w be ((-24)/(-9))/(1/(-3)). Let t = 1 - w. Suppose 0 = 5*o - t*o + 24. List the prime factors of o.
2, 3
Suppose -3*g + 9 + 9 = 0. Suppose 8 = 2*i + g. List the prime factors of ((-1)/i)/(-1)*8.
2
Let i(f) be the first derivative of 3*f**2/2 - 12*f + 1. Suppose -3*q + 21 = 3*c - 18, -5*c + 56 = 2*q. List the prime factors of i(c).
2, 3
Let s(u) = -u - u + 25*u**2 - 15 - 10*u**2. What are the prime factors of s(4)?
7, 31
Suppose n + 2*u - 64 - 24 = 0, -5*u = -4*n + 287. Suppose 6*w = -19*w + 50. Suppose -w*f + n = f. List the prime factors of f.
2, 13
Let i(a) = 3*a. Let l = -5 + 4. Let d be i(l). What are the prime factors of 27 + (-3)/d + -1?
3
Let f = 53 + -159. Let s be (f - -2)/(-4) + -4. Suppose -3*y - s = -4*y. What are the prime factors of y?
2, 11
Suppose y = 3 - 7. Let f be 0/(3 - 7) + y. Let m = f - -6. What are the prime factors of m?
2
Let b(m) = -3*m + 0*m + 1 - 5*m + 3*m. Let d be b(1). What are the prime factors of (-104)/(-18) + d/(-18)?
2, 3
Let u(a) = -4*a**3 - 5*a**2 - 4*a. Let w = 0 + -3. What are the prime factors of u(w)?
3, 5
Let g(m) = -499*m + 502. List the prime factors of g(-4).
2, 1249
Let z(r) = -152*r + 3577. What are the prime factors of z(0)?
7, 73
Let n(z) = 14*z**2 - z + 10. What are the prime factors of n(-6)?
2, 5, 13
Let u be 0 + 13/((-13)/(-30)). Suppose 2*h - 16 = -g, -4*h + u = -0*h + g. Suppose 116 = -h*i + 11*i. List the prime factors of i.
29
Let u(v) = -2*v**2 - 5*v - 5. Let o(q) = 3*q**2 + 6*q + 4. Let a(c) = 3*o(c) + 4*u(c). Let p be a(10). What are the prime factors of (-6)/8*p/(-3)?
2, 3
Let d(f) = -5*f + 2. Let g be d(2). Let l(o) = -o**2 - 11*o - 8. Let p be l(g). Suppose -216 = -p*z + 12*z. What are the prime factors of z?
2, 3
Suppose 4*o - 1213 + 3117 = 0. Let f = -295 - o. What are the prime factors of f?
181
Suppose -26 = -2*r - 4*f, 2*r - 3*r - f = -12. Let q be (r/((-11)/(-12)))/1. Let u = 1 + q. What are the prime factors of u?
13
Suppose 0 = 4*n - 5*a - 6, -3*n + 14 = 2*n - 3*a. Suppose -114 = 2*m - n*m. What are the prime factors of m?
3, 19
Let m be 70/(-6)*126/(-70). Let o = m - -39. List the prime factors of o.
2, 3, 5
Suppose -5*n - 3*d + 4903 = -471, 4*d = 12. What are the prime factor